{"id":2,"date":"2022-12-15T14:04:30","date_gmt":"2022-12-15T13:04:30","guid":{"rendered":"http:\/\/cmafor.info\/?page_id=2"},"modified":"2024-07-04T16:08:12","modified_gmt":"2024-07-04T14:08:12","slug":"page-d-exemple","status":"publish","type":"page","link":"https:\/\/cmafor.info\/index.php\/page-d-exemple\/","title":{"rendered":"Nos services"},"content":{"rendered":"\n<p><strong>V\u00e9rification de la s\u00e9curit\u00e9 internet <\/strong>: <a href=\"http:\/\/cmafor.info\/index.php\/securite-internet\/\" data-type=\"page\" data-id=\"38\">Etes vous prot\u00e9g\u00e9 des intrusions<\/a> ?<br><strong>Performance Internet<\/strong> : <a href=\"http:\/\/cmafor.info\/index.php\/performance-internet\/\" data-type=\"page\" data-id=\"42\">Quel est le d\u00e9bit de votre r\u00e9seau Internet ou local<\/a> ?<br><strong>Redondance internet<\/strong> : Disposez vous d&rsquo;un acc\u00e8s internet de secours ? <br><strong>Externalisation<\/strong> : Vos donn\u00e9es sont t&rsquo;elles sauvegard\u00e9es \u00e0 l\u2019ext\u00e9rieur ?<br><strong>Sauvegarde locale<\/strong> : Vos donn\u00e9es sont elles r\u00e9cup\u00e9rable localement ?<br><strong>Analyse du parc<\/strong> : Disposez vous d&rsquo;un inventaire et d&rsquo;une \u00e9valuation de parc ?<br><strong>Efficacit\u00e9 de la messagerie<\/strong> : vos mails sont t&rsquo;il conforme \u00e0 votre besoin ? <br><strong>Acc\u00e8s distants et Vpn<\/strong> : d\u00e9sirez vous travailler en dehors des locaux ?<br><strong>Plateforme internet<\/strong> : cr\u00e9ation, s\u00e9curisation, maintenance de votre site ?<br><strong>T\u00e9l\u00e9phonie fixe<\/strong> : quelle efficacit\u00e9 de votre t\u00e9l\u00e9phone d&rsquo;entreprise ?<\/p>\n\n\n\n<p><\/p>\n\n\n\n<p><\/p>\n\n\n\n<p><\/p>\n","protected":false},"excerpt":{"rendered":"<p>V\u00e9rification de la s\u00e9curit\u00e9 internet : Etes vous prot\u00e9g\u00e9 des intrusions ?Performance Internet : Quel est le d\u00e9bit de votre r\u00e9seau Internet ou local ?Redondance internet : Disposez vous d&rsquo;un acc\u00e8s internet de secours ? Externalisation : Vos donn\u00e9es sont t&rsquo;elles sauvegard\u00e9es \u00e0 l\u2019ext\u00e9rieur ?Sauvegarde locale : Vos donn\u00e9es sont elles r\u00e9cup\u00e9rable localement ?Analyse du [&hellip;]<\/p>\n","protected":false},"author":1,"featured_media":0,"parent":0,"menu_order":0,"comment_status":"closed","ping_status":"open","template":"","meta":{"footnotes":""},"class_list":["post-2","page","type-page","status-publish","hentry"],"_links":{"self":[{"href":"https:\/\/cmafor.info\/index.php\/wp-json\/wp\/v2\/pages\/2","targetHints":{"allow":["GET"]}}],"collection":[{"href":"https:\/\/cmafor.info\/index.php\/wp-json\/wp\/v2\/pages"}],"about":[{"href":"https:\/\/cmafor.info\/index.php\/wp-json\/wp\/v2\/types\/page"}],"author":[{"embeddable":true,"href":"https:\/\/cmafor.info\/index.php\/wp-json\/wp\/v2\/users\/1"}],"replies":[{"embeddable":true,"href":"https:\/\/cmafor.info\/index.php\/wp-json\/wp\/v2\/comments?post=2"}],"version-history":[{"count":6,"href":"https:\/\/cmafor.info\/index.php\/wp-json\/wp\/v2\/pages\/2\/revisions"}],"predecessor-version":[{"id":48,"href":"https:\/\/cmafor.info\/index.php\/wp-json\/wp\/v2\/pages\/2\/revisions\/48"}],"wp:attachment":[{"href":"https:\/\/cmafor.info\/index.php\/wp-json\/wp\/v2\/media?parent=2"}],"curies":[{"name":"wp","href":"https:\/\/api.w.org\/{rel}","templated":true}]}}